at is the thousands digit of x(14)?
5
Let b(z) = 167*z**2 - 3*z. Let k(r) = -r**2 - 20*r + 42. Let u be k(2). What is the units digit of b(u)?
4
Let u(q) = 115*q + 1974. What is the tens digit of u(7)?
7
Suppose -114*f = -116*f - 5*u + 4130, 4*u - 6181 = -3*f. Suppose h = -5*t + f, -h + 3*h = -2*t + 822. What is the tens digit of t?
1
Let g(c) = 58*c**2 - c + 2. Suppose 0 = -0*r - 4*r, -5*q = r - 20. What is the units digit of g(q)?
6
Let o = -11639 - -20585. What is the thousands digit of o?
8
Let k = 3571 + 5893. What is the tens digit of k?
6
Suppose 5*f + 0*i + i - 55036 = 0, -f + i = -11006. Suppose 0 = 22*y - f + 2713. What is the units digit of y?
7
Let c be 3 - 17/(-3) - (-5)/15. Suppose 2*g - c = 1. Suppose 2*t - 38 + 5 = -g*a, 3*a = 2*t - 25. What is the units digit of t?
4
Suppose -244417 = -45*n - 31972. What is the thousands digit of n?
4
Let d = 2778 + 418. What is the units digit of d?
6
Let y(v) = v**2 + 27*v + 87. Let b be y(-13). Let o = -485 - -318. Let n = b - o. What is the tens digit of n?
7
Suppose -3*j + 32 = -5*z, -2*z + 7*z - 4*j + 36 = 0. Let o be 6/z*(-61516)/6. What is the units digit of o/65 - (-4)/10?
7
Suppose -17*a + 21*a = -y + 54995, 2*a = 2*y - 110010. What is the hundreds digit of y?
0
Let k be (46/14 - 3)/((-1)/(-7)). Let b be (132/(-5))/((-51)/(-30) - k). Let x = b + 33. What is the hundreds digit of x?
1
Suppose -2 = 4*f + f - 3*i, -2*f + 5*i = 16. Suppose f*n = t - 583, -3*n + 2876 = 3*t + 2*t. What is the units digit of t?
7
Let g(m) = -m**3 + 2*m**2 - 3*m + 2796. Let q be g(0). Suppose -16*z + q = -4308. What is the units digit of z?
4
Let m = -18 + 22. Let c(r) = 2*r - 8. Let w be c(m). Suppose w*l + 5*l - 3*f = 848, 4*l - 673 = -3*f. What is the tens digit of l?
6
Let w(h) be the second derivative of -3*h**3 - 81*h**2/2 - 99*h. What is the hundreds digit of w(-19)?
2
Let b(r) = -r + 7. Suppose 5 + 7 = 4*q. Let c be b(q). Suppose -c*h = -5*h + 4*m + 55, 0 = -h - 3*m + 34. What is the tens digit of h?
4
Let i(l) be the second derivative of -27*l**3/2 - 15*l**2/2 - 42*l. What is the units digit of i(-3)?
8
Let m = -218 + 410. Let p = m - 130. Suppose -226 = -3*g + p. What is the tens digit of g?
9
Suppose -55 = -5*h + 3*r - 11, 0 = -r - 3. Suppose 37 = -3*l + h. Let g = 13 + l. What is the units digit of g?
3
Let j = 51 - 89. Suppose -f + 2*r - 94 = 0, f - 3*r = -0*r - 95. Let y = j - f. What is the tens digit of y?
5
Let f = 20916 - 14057. What is the hundreds digit of f?
8
Let i be (68 + -69)/((-2)/10). Suppose -445 = -i*u + 280. What is the units digit of u?
5
Let p(a) = -71*a + 6*a - 126*a + 5*a + 11*a - 303. What is the hundreds digit of p(-7)?
9
What is the hundreds digit of 257/((-477)/795*(-2)/30*1)?
4
Let x be 220/(-15)*(-84)/8 - 0. Suppose 0 = -156*f + x*f + 1430. What is the hundreds digit of f?
7
Suppose 100*v - 140*v + 364240 = 0. What is the tens digit of v?
0
Let h(u) = -6*u - 18. Let s be h(-5). Suppose -s*g + 4*g + 592 = 0. Suppose -2*j = -4*c - g + 224, 3*c = -2*j + 102. What is the units digit of c?
6
What is the hundreds digit of (-103046 - 7)/(69/(-23)) + 1 + -3?
3
Let n(r) = -2*r**2 - r - 1. Let y be n(2). Let h = 15 + y. Suppose 2*b = m + 127, h*m = 3*b + m - 189. What is the tens digit of b?
6
Let s = 153 - -2077. Suppose -6*z + s + 1910 = 0. What is the units digit of z?
0
Let z(m) = -2*m**2 + m + 11. Let s be z(0). Let d(u) = u**2 + 2650 - 3*u + 3*u - 2622. What is the hundreds digit of d(s)?
1
Let o = -189 + 357. Let g = -157 + o. What is the tens digit of g?
1
Let s be 1/5 - 1128/(-45)*-3. What is the tens digit of (-61885)/s - ((-292)/60 - -5)?
2
Suppose 3*s = -4*a + 274129, 2*a + 2*s - 71051 - 66009 = 0. What is the tens digit of a?
3
Let i = -198084 + 288193. What is the thousands digit of i?
0
Suppose y = t + 5, -3*y + 36 = 2*t + 11. Let g(w) = 47*w + 49. What is the tens digit of g(y)?
7
Let f be (6/(-9))/((-9)/(-864)). Let k = -62 - f. Suppose 5*l + 0*d - 290 = 5*d, k*l = 4*d + 122. What is the units digit of l?
5
Let a be (-15)/(-5 + 10) - -4. What is the units digit of 1694*(0 - (a + (-4 - -2)))?
4
Suppose 11*f - 16 = 13*f. What is the units digit of f/((-32)/3316) - -2?
1
Let w = 18669 - 4119. What is the units digit of w?
0
What is the units digit of 3561/(-1)*((-17)/34)/(12/56)?
9
Suppose -87*l + 660330 = -36*l - 33*l. What is the thousands digit of l?
6
Let m(s) = 40 - 11*s**2 + 69 - 3*s + 22*s**2 - 12*s**2. Suppose 0 = 2*h - 6*h. What is the tens digit of m(h)?
0
Suppose -4*i = 12, 0 = -p - 12*i + 7*i + 6100. What is the units digit of p?
5
Suppose -18594 = -44*d + 26*d. What is the units digit of d?
3
Suppose 0 = -4*y + 8, 0 = -s + 2*y + 48869 - 8273. What is the tens digit of s?
0
Let k(l) = -6*l**3 + 2*l**2 - 3*l + 9. Let s be k(3). Let q = 198 + s. What is the tens digit of q?
5
Let m(b) = 16*b + 3. Let o(g) = g - 23. Let i be o(13). Let t be m(i). Let q = t - -259. What is the hundreds digit of q?
1
Suppose 48*v - 47*v = 4*l + 26, 130 = 5*v - 4*l. Suppose 17*r + 954 = v*r. What is the units digit of r?
6
Suppose 5 = -4*s + 25. Suppose 39 = 3*b - 3*k, 5*b - k - 30 = 43. Let h = b - s. What is the tens digit of h?
1
Suppose 5*k = 2*u - 24457, 92*u = 89*u - 5*k + 36648. What is the tens digit of u?
2
Let r = 823 - 166. What is the tens digit of (-20)/(-6)*r*31/62?
9
Suppose -6*m + m = -3*g + 45539, -151783 = -10*g + 3*m. What is the thousands digit of g?
5
Suppose 4*z - 5502 = -2*o + 6442, 3*o + 2*z = 17920. What is the thousands digit of o?
5
Let p(c) = -2*c + 26. Let q be p(8). Suppose -q*r + 1 = 11. What is the units digit of ((1 - -2) + -27 + -1)*r?
5
Suppose 30*j - 4*t + 14380 = 34*j, 5*t = 3*j - 10817. What is the tens digit of j?
9
Suppose -5*z + 9*z - 16 = 0. Let u(r) = -r**2 + 7*r + 3. Let j be u(6). What is the tens digit of 28/(z - 30/j)?
4
Let f(w) = 10*w**2 + 5*w - 26. Let q be f(-6). Suppose 3*u - 456 = r + q, 5*u - 5*r = 1250. What is the units digit of u?
5
Let y(j) be the third derivative of 3*j**4/2 + 47*j**3/6 - 152*j**2. What is the tens digit of y(13)?
1
What is the hundreds digit of (84534/3 + -2)/(152/456)?
5
Let l(s) = -6*s**2 - 59*s - 70. Let m(t) = -5*t**2 - 60*t - 72. Let d(h) = 2*l(h) - 3*m(h). What is the units digit of d(-32)?
4
Suppose -3*l = 9*t - 361977, 31*l + 80462 = 2*t + 26*l. What is the thousands digit of t?
0
Let w(m) = 38*m**2 + 3*m + 14. Let t(c) = -39*c**2 - 3*c - 15. Let h(k) = 4*t(k) + 5*w(k). Suppose 8*a = 7*a - 2. What is the tens digit of h(a)?
4
Let x = 19195 + -2427. What is the thousands digit of x?
6
Let m(j) = -j**2 - 43*j - 154. Let r be m(-39). Suppose 0 = -3*g + 2*a + 953, r*g + a - 667 = -4*a. What is the tens digit of g?
2
Suppose 9*h = 11*h + 5*a - 18555, -h + 5*a + 9270 = 0. What is the thousands digit of h?
9
Let g = 55 - 66. Let h be (-1)/((g/6)/(-11)). What is the units digit of (-145)/(-15) + h/9?
9
Let q(g) = -2*g**2 - 39*g + 30. Let c be q(-23). Let h = c - -285. What is the tens digit of h?
5
Suppose 5*c + 51*t = 53*t + 3556, 4*c - t - 2843 = 0. What is the units digit of c?
0
Suppose 0 = 2*q - y + 7, -q - 7*y - 17 = -3*y. What is the units digit of q/15*(5 + -776)?
7
Let q = 126 - 128. What is the tens digit of (-17540)/(-45) + q/(-9)?
9
What is the tens digit of ((-1718)/6)/(34/(-612))?
5
Let g(o) = 158*o**3 - 5*o**2 - 30*o + 110. What is the units digit of g(5)?
5
Let m = -41 - -57. Suppose -14*u + 10*u + m = 0. What is the tens digit of (-1)/8*-2 + 419/u?
0
Let o = 6854 + -4458. Suppose -7*p = -2*p - 4*s - o, 8 = -2*s. What is the tens digit of p?
7
Let a = 1263 + -586. Let b = 7 + a. What is the tens digit of b?
8
Let t = -119 - -122. What is the units digit of (-3462)/(-6) + t - (3 - -2)?
5
Let l(h) = -607*h - 4243. Let a be l(-7). Let y(f) = -f**3 - 2*f**2. Let v be y(-2). Suppose -a*q + 906 - 228 = v. What is the tens digit of q?
1
Suppose -60*k = -17*k - 43083 - 538492. What is the units digit of k?
5
Let a(q) = q**3 - 9*q**2 - 70*q - 5. Let l be a(14). What is the thousands digit of 940*-10*l/40?
1
Let d(x) = -35*x + 29. Let w be -16 + 6 - -2*1/2. What is the tens digit of d(w)?
4
Let a = 9945 + 845. What is the ten thousands digit of a?
1
Let j be 8/(-4)*-4*(-2 + 3). Suppose -v + 469 = 2*o, -j*v + 439 = 2*o - 13*v. What is the tens digit of o?
3
Suppose 2*i - 11564 = 2*n, -4*i -